{"id":113,"date":"2022-05-20T20:32:46","date_gmt":"2022-05-20T18:32:46","guid":{"rendered":"https:\/\/vrising-france.com\/?page_id=113"},"modified":"2023-05-29T16:41:06","modified_gmt":"2023-05-29T14:41:06","slug":"guide-debut","status":"publish","type":"page","link":"https:\/\/vrising-france.com\/index.php\/guide-debut\/","title":{"rendered":"Guide &#8211; Bien d\u00e9buter sur V Rising"},"content":{"rendered":"\n<p>Bienvenue sur le premier Guide de V Rising France un Guide pour bien commencer votre aventure.<\/p>\n\n\n\n<h2 class=\"wp-block-heading\">Un bon d\u00e9part<\/h2>\n\n\n\n<p>Vous commencerez votre aventure dans un cimeti\u00e8re cette zone regorge de premi\u00e8re ressource basique mais tr\u00e8s pratique en d\u00e9but de partie.<\/p>\n\n\n\n<p>Pour bien commencer il vous faudra donc explorer compl\u00e8tement cette zone pour amasser vos premiers os ainsi que vos premi\u00e8res fibres v\u00e9g\u00e9tales.<\/p>\n\n\n\n<h2 class=\"wp-block-heading\" id=\"chateau\">Mon ch\u00e2teau rien qu&rsquo;\u00e0 moi<\/h2>\n\n\n\n<p>Il sera urgent de positionner rapidement votre ch\u00e2teau, vous vous rendrez vite compte que la mort peut venir tr\u00e8s rapidement que ce soit par les ennemis mais \u00e9galement par la nature faites donc attention \u00e0 qui vous croisez mais \u00e9galement aux rayons du soleil !<\/p>\n\n\n\n<p>Pour commencer, il vous faudra donc positionner \u00e0 un bon endroit pour ce faire la map abrite certains terrains pr\u00e9vus pour vous permettre de monter votre propre ch\u00e2teau, ces endroits sont des ruines qu&rsquo;il vous faudra simplement briser \u00e0 l&rsquo;aide de votre marteau pour voir de la place.<\/p>\n\n\n\n<p>Pour trouver les ruines rendez-vous sur votre map \u00ab\u00a0M\u00a0\u00bb et trouvez un endroit de ce type :<\/p>\n\n\n<div class=\"wp-block-image\">\n<figure class=\"aligncenter size-full\"><img loading=\"lazy\" decoding=\"async\" width=\"263\" height=\"324\" src=\"https:\/\/vrising-france.com\/wp-content\/uploads\/2022\/05\/image.png\" alt=\"\" class=\"wp-image-129\" srcset=\"https:\/\/vrising-france.com\/wp-content\/uploads\/2022\/05\/image.png 263w, https:\/\/vrising-france.com\/wp-content\/uploads\/2022\/05\/image-244x300.png 244w\" sizes=\"auto, (max-width: 263px) 100vw, 263px\" \/><figcaption class=\"wp-element-caption\">Une ruine vu via la carte du monde<\/figcaption><\/figure>\n<\/div>\n\n\n<p>Ensuite placez-y votre Coeur de ch\u00e2teau pour revendiquer ce terrain.<\/p>\n\n\n\n<p>Ce c\u0153ur de ch\u00e2teau sera votre protection, il vous faudra l&rsquo;entretenir et l&rsquo;am\u00e9liorer. Sans entretiens du c\u0153ur votre ch\u00e2teau se d\u00e9t\u00e9riorera et finira par tomber en ruine.<\/p>\n\n\n\n<p>Concernant l&rsquo;entretien il vous suffira ainsi de d\u00e9poser des Essences Sanguines pour augmenter la dur\u00e9e affich\u00e9e durant laquelle votre ch\u00e2teau restera sous la protection du c\u0153ur.<\/p>\n\n\n<div class=\"wp-block-image\">\n<figure class=\"aligncenter size-full is-resized\"><img loading=\"lazy\" decoding=\"async\" src=\"https:\/\/vrising-france.com\/wp-content\/uploads\/2022\/05\/image-2.png\" alt=\"\" class=\"wp-image-131\" width=\"348\" height=\"310\" srcset=\"https:\/\/vrising-france.com\/wp-content\/uploads\/2022\/05\/image-2.png 348w, https:\/\/vrising-france.com\/wp-content\/uploads\/2022\/05\/image-2-300x267.png 300w\" sizes=\"auto, (max-width: 348px) 100vw, 348px\" \/><figcaption class=\"wp-element-caption\">La puissance de votre chateau<\/figcaption><\/figure>\n<\/div>\n\n\n<h2 class=\"wp-block-heading\">L&rsquo;artisanat<\/h2>\n\n\n\n<p>En suivant les quelques qu\u00eates, vous poserez ensuite vos premi\u00e8res tables d&rsquo;artisanat. Un des grands avantages que vous verrez dans V Rising est que ces tables tournent gr\u00e2ce \u00e0 la magie des Vampires, ainsi vous n&rsquo;avez pas \u00e0 rester devant pour qu&rsquo;elles travaillent.<\/p>\n\n\n\n<p>Il vous faudra optimiser au maximum votre rendement en essayant de maintenir les diff\u00e9rentes tables d&rsquo;artisanat en route, ainsi quand vous partirez en exploration lors de votre retour il ne vous suffira ainsi que de r\u00e9cup\u00e9rer le r\u00e9sultat de vos Craft.<\/p>\n\n\n\n<h2 class=\"wp-block-heading\">L&rsquo;exploration<\/h2>\n\n\n\n<p>Il vous faudra faire de longues routes tout au long de votre aventure, avec comme seul moyen de transport vos jambes ou les pattes de vos familiers.<\/p>\n\n\n\n<p>Vous pourrez cependant vous t\u00e9l\u00e9portez \u00e0 travers diff\u00e9rents endroits de la carte \u00e0 la seule condition de n&rsquo;avoir aucunes ressources sur vous.<\/p>\n\n\n<div class=\"wp-block-image\">\n<figure class=\"aligncenter size-full\"><img loading=\"lazy\" decoding=\"async\" width=\"407\" height=\"153\" src=\"https:\/\/vrising-france.com\/wp-content\/uploads\/2022\/05\/image-3.png\" alt=\"\" class=\"wp-image-132\" srcset=\"https:\/\/vrising-france.com\/wp-content\/uploads\/2022\/05\/image-3.png 407w, https:\/\/vrising-france.com\/wp-content\/uploads\/2022\/05\/image-3-300x113.png 300w\" sizes=\"auto, (max-width: 407px) 100vw, 407px\" \/><figcaption class=\"wp-element-caption\">Portail de t\u00e9l\u00e9portation visible sur la carte du monde<\/figcaption><\/figure>\n<\/div>\n\n\n<p>Vous devrez ensuite lors de votre voyage vous baladez \u00e0 travers le monde en explorant les diff\u00e9rents endroits importants qui seront eux aussi afficher sur votre carte.<\/p>\n\n\n\n<p>Ces endroits pourront vous permettre de r\u00e9cup\u00e9rer sur les ennemis ainsi que dans les coffres diff\u00e9rents \u00e9l\u00e9ments que vous ne pourrez pas encore cr\u00e9er (ou du moins pas tout de suite).<\/p>\n\n\n\n<p>La carte vous montre \u00e9galement les \u00e9l\u00e9ments que vous pourrez trouver sur les diff\u00e9rents camps, ainsi vous pouvez choisir en amont l&rsquo;endroit que vous allez explorer.<\/p>\n\n\n<div class=\"wp-block-image\">\n<figure class=\"aligncenter size-full\"><img loading=\"lazy\" decoding=\"async\" width=\"602\" height=\"291\" src=\"https:\/\/vrising-france.com\/wp-content\/uploads\/2022\/05\/image-4.png\" alt=\"\" class=\"wp-image-133\" srcset=\"https:\/\/vrising-france.com\/wp-content\/uploads\/2022\/05\/image-4.png 602w, https:\/\/vrising-france.com\/wp-content\/uploads\/2022\/05\/image-4-300x145.png 300w\" sizes=\"auto, (max-width: 602px) 100vw, 602px\" \/><figcaption class=\"wp-element-caption\">Les diff\u00e9rents loot afficher sur la carte du monde<\/figcaption><\/figure>\n<\/div>\n\n\n<p>Vous pourrez \u00e9galement r\u00e9gir vos explorations gr\u00e2ce \u00e0 l&rsquo;autel de sang qui vous permettra de rencontrer des ennemis bien plus fort !<\/p>\n\n\n\n<h2 class=\"wp-block-heading\">L&rsquo;autel de sang<\/h2>\n\n\n\n<figure class=\"wp-block-image size-large\"><img loading=\"lazy\" decoding=\"async\" width=\"1024\" height=\"549\" src=\"https:\/\/vrising-france.com\/wp-content\/uploads\/2022\/05\/image-5-1024x549.png\" alt=\"\" class=\"wp-image-134\" srcset=\"https:\/\/vrising-france.com\/wp-content\/uploads\/2022\/05\/image-5-1024x549.png 1024w, https:\/\/vrising-france.com\/wp-content\/uploads\/2022\/05\/image-5-300x161.png 300w, https:\/\/vrising-france.com\/wp-content\/uploads\/2022\/05\/image-5-768x412.png 768w, https:\/\/vrising-france.com\/wp-content\/uploads\/2022\/05\/image-5.png 1230w\" sizes=\"auto, (max-width: 1024px) 100vw, 1024px\" \/><figcaption class=\"wp-element-caption\">L&rsquo;interface de l&rsquo;autel de Sang<\/figcaption><\/figure>\n\n\n\n<p>En suivant vos qu\u00eates vous allez devoir utiliser pour la premi\u00e8re fois l&rsquo;autel de sang. Celui-ci vous permet de traquer vos proies les plus importantes tels que le Loup Alpha qui sera votre premi\u00e8re rencontre.<\/p>\n\n\n\n<p>Ces ennemis sont donc des mini-boss avec chacun leurs particularit\u00e9s que vous d\u00e9couvrirez au fur et \u00e0 mesure de votre aventure.<\/p>\n\n\n\n<p>Ils vous permettront de d\u00e9bloquer tout un tas de choses tels que des butins sp\u00e9ciaux mais \u00e9galement la connaissance de certains sorts ainsi que de certains patrons d&rsquo;artisanat. Il vous sera donc quasiment obligatoire de faire ces diff\u00e9rents boss pour vous permettre d&rsquo;\u00e9voluer votre ch\u00e2teau et ainsi continuer votre aventure.<\/p>\n\n\n\n<h2 class=\"wp-block-heading\">Le groupe Sanguin<\/h2>\n\n\n\n<p>Une m\u00e9canique bien particuli\u00e8re sur V Rising est la gestion de votre groupe sanguin.<\/p>\n\n\n\n<p>Cette m\u00e9canique n&rsquo;est pas forc\u00e9ment \u00e9vidente mais apr\u00e8s ces quelques lignes vous en comprendrez ainsi le principe.<\/p>\n\n\n<div class=\"wp-block-image\">\n<figure class=\"aligncenter size-full\"><img loading=\"lazy\" decoding=\"async\" width=\"471\" height=\"540\" src=\"https:\/\/vrising-france.com\/wp-content\/uploads\/2022\/05\/image-6.png\" alt=\"\" class=\"wp-image-135\" srcset=\"https:\/\/vrising-france.com\/wp-content\/uploads\/2022\/05\/image-6.png 471w, https:\/\/vrising-france.com\/wp-content\/uploads\/2022\/05\/image-6-262x300.png 262w\" sizes=\"auto, (max-width: 471px) 100vw, 471px\" \/><figcaption class=\"wp-element-caption\">Interface du groupe Sanguin<\/figcaption><\/figure>\n<\/div>\n\n\n<p>Vous trouverez donc l&rsquo;interface du groupe sanguin a gauche de votre R\u00e8serve de sang. Ce groupe sanguin vous permettra tels qu&rsquo;afficher sur l&rsquo;image ci-dessus d&rsquo;obtenir diff\u00e9rents bonus. Ces bonus sont propres \u00e0 chaque groupe sanguin tels que les Cr\u00e9atures, les Voyou, les Brutes et bien d&rsquo;autres encore que vous d\u00e9couvrirez.<\/p>\n\n\n\n<p>Lors des combats quand un ennemi est affaibli vous pouvez consommer son sang, c&rsquo;est cette action qui vous procurera un groupe sanguin. Attention cependant consommez le sang d&rsquo;un ennemi vous fera automatiquement prendre son groupe sanguin ainsi que son niveau de qualit\u00e9 du sang.<\/p>\n\n\n\n<p>Pour savoir quel est le groupe sanguin ainsi que sa qualit\u00e9 avant de faire une erreur vous le verrez afficher en dessous de sa barre de vie que vous positionnez votre curseur dessus.<\/p>\n\n\n<div class=\"wp-block-image\">\n<figure class=\"aligncenter size-full\"><img loading=\"lazy\" decoding=\"async\" width=\"344\" height=\"91\" src=\"https:\/\/vrising-france.com\/wp-content\/uploads\/2022\/05\/image-9.png\" alt=\"\" class=\"wp-image-139\" srcset=\"https:\/\/vrising-france.com\/wp-content\/uploads\/2022\/05\/image-9.png 344w, https:\/\/vrising-france.com\/wp-content\/uploads\/2022\/05\/image-9-300x79.png 300w\" sizes=\"auto, (max-width: 344px) 100vw, 344px\" \/><figcaption class=\"wp-element-caption\">Affichage de la barre de vie d&rsquo;un ennemi<\/figcaption><\/figure>\n<\/div>\n\n\n<p>Sur cette image vous voyez ainsi que l\u2019ennemi est un Loup de niveau 10 que sont groupe Sanguin est de type Cr\u00e9ature avec une qualit\u00e9 de sang de 1%<\/p>\n","protected":false},"excerpt":{"rendered":"<p>Bienvenue sur le premier Guide de V Rising France un Guide pour bien commencer votre aventure. Un bon d\u00e9part Vous commencerez votre aventure dans un cimeti\u00e8re cette zone regorge de premi\u00e8re ressource basique mais tr\u00e8s pratique en d\u00e9but de partie. Pour bien commencer il vous faudra donc explorer compl\u00e8tement cette zone pour amasser vos premiers&hellip; <br \/> <a class=\"read-more\" href=\"https:\/\/vrising-france.com\/index.php\/guide-debut\/\">Lire la suite<\/a><\/p>\n","protected":false},"author":1,"featured_media":79,"parent":0,"menu_order":0,"comment_status":"closed","ping_status":"closed","template":"","meta":{"footnotes":""},"class_list":["post-113","page","type-page","status-publish","has-post-thumbnail","hentry"],"yoast_head":"<!-- This site is optimized with the Yoast SEO plugin v27.4 - https:\/\/yoast.com\/product\/yoast-seo-wordpress\/ -->\n<title>Guide - Bien d\u00e9buter sur V Rising - VRising France<\/title>\n<meta name=\"description\" content=\"Toutes les informations et astuce pour un bien d\u00e9buter d&#039;aventure sur V Rising. Trouvez tous le n\u00e9cessaire dans ce Guide en fran\u00e7ais.\" \/>\n<meta name=\"robots\" content=\"index, follow, max-snippet:-1, max-image-preview:large, max-video-preview:-1\" \/>\n<link rel=\"canonical\" href=\"https:\/\/vrising-france.com\/index.php\/guide-debut\/\" \/>\n<meta property=\"og:locale\" content=\"fr_FR\" \/>\n<meta property=\"og:type\" content=\"article\" \/>\n<meta property=\"og:title\" content=\"Guide - Bien d\u00e9buter sur V Rising - VRising France\" \/>\n<meta property=\"og:description\" content=\"Toutes les informations et astuce pour un bien d\u00e9buter d&#039;aventure sur V Rising. Trouvez tous le n\u00e9cessaire dans ce Guide en fran\u00e7ais.\" \/>\n<meta property=\"og:url\" content=\"https:\/\/vrising-france.com\/index.php\/guide-debut\/\" \/>\n<meta property=\"og:site_name\" content=\"VRising France\" \/>\n<meta property=\"article:modified_time\" content=\"2023-05-29T14:41:06+00:00\" \/>\n<meta property=\"og:image\" content=\"https:\/\/vrising-france.com\/wp-content\/uploads\/2022\/05\/V_Rising_Castle_Teaser_Screenshot_1-1.png\" \/>\n\t<meta property=\"og:image:width\" content=\"1915\" \/>\n\t<meta property=\"og:image:height\" content=\"1080\" \/>\n\t<meta property=\"og:image:type\" content=\"image\/png\" \/>\n<meta name=\"twitter:card\" content=\"summary_large_image\" \/>\n<meta name=\"twitter:site\" content=\"@VRisingFrance\" \/>\n<meta name=\"twitter:label1\" content=\"Dur\u00e9e de lecture estim\u00e9e\" \/>\n\t<meta name=\"twitter:data1\" content=\"6 minutes\" \/>\n<script type=\"application\/ld+json\" class=\"yoast-schema-graph\">{\"@context\":\"https:\\\/\\\/schema.org\",\"@graph\":[{\"@type\":\"WebPage\",\"@id\":\"https:\\\/\\\/vrising-france.com\\\/index.php\\\/guide-debut\\\/\",\"url\":\"https:\\\/\\\/vrising-france.com\\\/index.php\\\/guide-debut\\\/\",\"name\":\"Guide - Bien d\u00e9buter sur V Rising - VRising France\",\"isPartOf\":{\"@id\":\"https:\\\/\\\/vrising-france.com\\\/#website\"},\"primaryImageOfPage\":{\"@id\":\"https:\\\/\\\/vrising-france.com\\\/index.php\\\/guide-debut\\\/#primaryimage\"},\"image\":{\"@id\":\"https:\\\/\\\/vrising-france.com\\\/index.php\\\/guide-debut\\\/#primaryimage\"},\"thumbnailUrl\":\"https:\\\/\\\/vrising-france.com\\\/wp-content\\\/uploads\\\/2022\\\/05\\\/V_Rising_Castle_Teaser_Screenshot_1-1.png\",\"datePublished\":\"2022-05-20T18:32:46+00:00\",\"dateModified\":\"2023-05-29T14:41:06+00:00\",\"description\":\"Toutes les informations et astuce pour un bien d\u00e9buter d'aventure sur V Rising. Trouvez tous le n\u00e9cessaire dans ce Guide en fran\u00e7ais.\",\"breadcrumb\":{\"@id\":\"https:\\\/\\\/vrising-france.com\\\/index.php\\\/guide-debut\\\/#breadcrumb\"},\"inLanguage\":\"fr-FR\",\"potentialAction\":[{\"@type\":\"ReadAction\",\"target\":[\"https:\\\/\\\/vrising-france.com\\\/index.php\\\/guide-debut\\\/\"]}]},{\"@type\":\"ImageObject\",\"inLanguage\":\"fr-FR\",\"@id\":\"https:\\\/\\\/vrising-france.com\\\/index.php\\\/guide-debut\\\/#primaryimage\",\"url\":\"https:\\\/\\\/vrising-france.com\\\/wp-content\\\/uploads\\\/2022\\\/05\\\/V_Rising_Castle_Teaser_Screenshot_1-1.png\",\"contentUrl\":\"https:\\\/\\\/vrising-france.com\\\/wp-content\\\/uploads\\\/2022\\\/05\\\/V_Rising_Castle_Teaser_Screenshot_1-1.png\",\"width\":1915,\"height\":1080},{\"@type\":\"BreadcrumbList\",\"@id\":\"https:\\\/\\\/vrising-france.com\\\/index.php\\\/guide-debut\\\/#breadcrumb\",\"itemListElement\":[{\"@type\":\"ListItem\",\"position\":1,\"name\":\"Accueil\",\"item\":\"https:\\\/\\\/vrising-france.com\\\/\"},{\"@type\":\"ListItem\",\"position\":2,\"name\":\"Guide &#8211; Bien d\u00e9buter sur V Rising\"}]},{\"@type\":\"WebSite\",\"@id\":\"https:\\\/\\\/vrising-france.com\\\/#website\",\"url\":\"https:\\\/\\\/vrising-france.com\\\/\",\"name\":\"VRising France\",\"description\":\"\",\"publisher\":{\"@id\":\"https:\\\/\\\/vrising-france.com\\\/#organization\"},\"potentialAction\":[{\"@type\":\"SearchAction\",\"target\":{\"@type\":\"EntryPoint\",\"urlTemplate\":\"https:\\\/\\\/vrising-france.com\\\/?s={search_term_string}\"},\"query-input\":{\"@type\":\"PropertyValueSpecification\",\"valueRequired\":true,\"valueName\":\"search_term_string\"}}],\"inLanguage\":\"fr-FR\"},{\"@type\":\"Organization\",\"@id\":\"https:\\\/\\\/vrising-france.com\\\/#organization\",\"name\":\"V Rising France\",\"url\":\"https:\\\/\\\/vrising-france.com\\\/\",\"logo\":{\"@type\":\"ImageObject\",\"inLanguage\":\"fr-FR\",\"@id\":\"https:\\\/\\\/vrising-france.com\\\/#\\\/schema\\\/logo\\\/image\\\/\",\"url\":\"https:\\\/\\\/vrising-france.com\\\/wp-content\\\/uploads\\\/2022\\\/05\\\/V_Rising_Main_Logo_1-1.png\",\"contentUrl\":\"https:\\\/\\\/vrising-france.com\\\/wp-content\\\/uploads\\\/2022\\\/05\\\/V_Rising_Main_Logo_1-1.png\",\"width\":2250,\"height\":812,\"caption\":\"V Rising France\"},\"image\":{\"@id\":\"https:\\\/\\\/vrising-france.com\\\/#\\\/schema\\\/logo\\\/image\\\/\"},\"sameAs\":[\"https:\\\/\\\/x.com\\\/VRisingFrance\"]}]}<\/script>\n<!-- \/ Yoast SEO plugin. -->","yoast_head_json":{"title":"Guide - Bien d\u00e9buter sur V Rising - VRising France","description":"Toutes les informations et astuce pour un bien d\u00e9buter d'aventure sur V Rising. Trouvez tous le n\u00e9cessaire dans ce Guide en fran\u00e7ais.","robots":{"index":"index","follow":"follow","max-snippet":"max-snippet:-1","max-image-preview":"max-image-preview:large","max-video-preview":"max-video-preview:-1"},"canonical":"https:\/\/vrising-france.com\/index.php\/guide-debut\/","og_locale":"fr_FR","og_type":"article","og_title":"Guide - Bien d\u00e9buter sur V Rising - VRising France","og_description":"Toutes les informations et astuce pour un bien d\u00e9buter d'aventure sur V Rising. Trouvez tous le n\u00e9cessaire dans ce Guide en fran\u00e7ais.","og_url":"https:\/\/vrising-france.com\/index.php\/guide-debut\/","og_site_name":"VRising France","article_modified_time":"2023-05-29T14:41:06+00:00","og_image":[{"width":1915,"height":1080,"url":"https:\/\/vrising-france.com\/wp-content\/uploads\/2022\/05\/V_Rising_Castle_Teaser_Screenshot_1-1.png","type":"image\/png"}],"twitter_card":"summary_large_image","twitter_site":"@VRisingFrance","twitter_misc":{"Dur\u00e9e de lecture estim\u00e9e":"6 minutes"},"schema":{"@context":"https:\/\/schema.org","@graph":[{"@type":"WebPage","@id":"https:\/\/vrising-france.com\/index.php\/guide-debut\/","url":"https:\/\/vrising-france.com\/index.php\/guide-debut\/","name":"Guide - Bien d\u00e9buter sur V Rising - VRising France","isPartOf":{"@id":"https:\/\/vrising-france.com\/#website"},"primaryImageOfPage":{"@id":"https:\/\/vrising-france.com\/index.php\/guide-debut\/#primaryimage"},"image":{"@id":"https:\/\/vrising-france.com\/index.php\/guide-debut\/#primaryimage"},"thumbnailUrl":"https:\/\/vrising-france.com\/wp-content\/uploads\/2022\/05\/V_Rising_Castle_Teaser_Screenshot_1-1.png","datePublished":"2022-05-20T18:32:46+00:00","dateModified":"2023-05-29T14:41:06+00:00","description":"Toutes les informations et astuce pour un bien d\u00e9buter d'aventure sur V Rising. Trouvez tous le n\u00e9cessaire dans ce Guide en fran\u00e7ais.","breadcrumb":{"@id":"https:\/\/vrising-france.com\/index.php\/guide-debut\/#breadcrumb"},"inLanguage":"fr-FR","potentialAction":[{"@type":"ReadAction","target":["https:\/\/vrising-france.com\/index.php\/guide-debut\/"]}]},{"@type":"ImageObject","inLanguage":"fr-FR","@id":"https:\/\/vrising-france.com\/index.php\/guide-debut\/#primaryimage","url":"https:\/\/vrising-france.com\/wp-content\/uploads\/2022\/05\/V_Rising_Castle_Teaser_Screenshot_1-1.png","contentUrl":"https:\/\/vrising-france.com\/wp-content\/uploads\/2022\/05\/V_Rising_Castle_Teaser_Screenshot_1-1.png","width":1915,"height":1080},{"@type":"BreadcrumbList","@id":"https:\/\/vrising-france.com\/index.php\/guide-debut\/#breadcrumb","itemListElement":[{"@type":"ListItem","position":1,"name":"Accueil","item":"https:\/\/vrising-france.com\/"},{"@type":"ListItem","position":2,"name":"Guide &#8211; Bien d\u00e9buter sur V Rising"}]},{"@type":"WebSite","@id":"https:\/\/vrising-france.com\/#website","url":"https:\/\/vrising-france.com\/","name":"VRising France","description":"","publisher":{"@id":"https:\/\/vrising-france.com\/#organization"},"potentialAction":[{"@type":"SearchAction","target":{"@type":"EntryPoint","urlTemplate":"https:\/\/vrising-france.com\/?s={search_term_string}"},"query-input":{"@type":"PropertyValueSpecification","valueRequired":true,"valueName":"search_term_string"}}],"inLanguage":"fr-FR"},{"@type":"Organization","@id":"https:\/\/vrising-france.com\/#organization","name":"V Rising France","url":"https:\/\/vrising-france.com\/","logo":{"@type":"ImageObject","inLanguage":"fr-FR","@id":"https:\/\/vrising-france.com\/#\/schema\/logo\/image\/","url":"https:\/\/vrising-france.com\/wp-content\/uploads\/2022\/05\/V_Rising_Main_Logo_1-1.png","contentUrl":"https:\/\/vrising-france.com\/wp-content\/uploads\/2022\/05\/V_Rising_Main_Logo_1-1.png","width":2250,"height":812,"caption":"V Rising France"},"image":{"@id":"https:\/\/vrising-france.com\/#\/schema\/logo\/image\/"},"sameAs":["https:\/\/x.com\/VRisingFrance"]}]}},"jetpack-related-posts":[],"jetpack_sharing_enabled":true,"_links":{"self":[{"href":"https:\/\/vrising-france.com\/index.php\/wp-json\/wp\/v2\/pages\/113","targetHints":{"allow":["GET"]}}],"collection":[{"href":"https:\/\/vrising-france.com\/index.php\/wp-json\/wp\/v2\/pages"}],"about":[{"href":"https:\/\/vrising-france.com\/index.php\/wp-json\/wp\/v2\/types\/page"}],"author":[{"embeddable":true,"href":"https:\/\/vrising-france.com\/index.php\/wp-json\/wp\/v2\/users\/1"}],"replies":[{"embeddable":true,"href":"https:\/\/vrising-france.com\/index.php\/wp-json\/wp\/v2\/comments?post=113"}],"version-history":[{"count":10,"href":"https:\/\/vrising-france.com\/index.php\/wp-json\/wp\/v2\/pages\/113\/revisions"}],"predecessor-version":[{"id":328,"href":"https:\/\/vrising-france.com\/index.php\/wp-json\/wp\/v2\/pages\/113\/revisions\/328"}],"wp:featuredmedia":[{"embeddable":true,"href":"https:\/\/vrising-france.com\/index.php\/wp-json\/wp\/v2\/media\/79"}],"wp:attachment":[{"href":"https:\/\/vrising-france.com\/index.php\/wp-json\/wp\/v2\/media?parent=113"}],"curies":[{"name":"wp","href":"https:\/\/api.w.org\/{rel}","templated":true}]}}